{"id":14870,"date":"2024-09-25T11:56:20","date_gmt":"2024-09-25T14:56:20","guid":{"rendered":"https:\/\/galei.cl\/?post_type=product&#038;p=14870"},"modified":"2025-09-30T13:07:04","modified_gmt":"2025-09-30T16:07:04","slug":"pote-transparente-200cc","status":"publish","type":"product","link":"https:\/\/galei.cl\/index.php\/producto\/pote-transparente-200cc\/","title":{"rendered":"POTE TRANSPARENTE 200cc"},"content":{"rendered":"<p>Pote transparente de 200cc, ideal para almacenar alimentos, l\u00edquidos o productos de uso cotidiano, elaborado en polipropileno (tapas se venden por separado), con un dise\u00f1o compacto y pr\u00e1ctico.<\/p>\n<p>Tama\u00f1o: 200 cc<br \/>\nPaquete de Venta: 100 unidades.<br \/>\n<strong>NO INCLUYE LA TAPA<\/strong><\/p>\n<p>Unidades por Caja: 800.<\/p>\n<p>&nbsp;<\/p>\n","protected":false},"excerpt":{"rendered":"<p><strong>POTE TRANSPARENTE 200CC<\/strong><br \/>\nTama\u00f1o: 200 cc<br \/>\nPaquete de Venta: 100 unidades.<\/p>\n<p><strong>NO INCLUYE LA TAPA<\/strong><\/p>\n","protected":false},"featured_media":14877,"comment_status":"open","ping_status":"closed","template":"","meta":{"_monsterinsights_skip_tracking":false,"_monsterinsights_sitenote_active":false,"_monsterinsights_sitenote_note":"","_monsterinsights_sitenote_category":0},"product_cat":[234,233,36],"product_tag":[288],"jetpack_sharing_enabled":true,"_links":{"self":[{"href":"https:\/\/galei.cl\/index.php\/wp-json\/wp\/v2\/product\/14870"}],"collection":[{"href":"https:\/\/galei.cl\/index.php\/wp-json\/wp\/v2\/product"}],"about":[{"href":"https:\/\/galei.cl\/index.php\/wp-json\/wp\/v2\/types\/product"}],"replies":[{"embeddable":true,"href":"https:\/\/galei.cl\/index.php\/wp-json\/wp\/v2\/comments?post=14870"}],"wp:featuredmedia":[{"embeddable":true,"href":"https:\/\/galei.cl\/index.php\/wp-json\/wp\/v2\/media\/14877"}],"wp:attachment":[{"href":"https:\/\/galei.cl\/index.php\/wp-json\/wp\/v2\/media?parent=14870"}],"wp:term":[{"taxonomy":"product_cat","embeddable":true,"href":"https:\/\/galei.cl\/index.php\/wp-json\/wp\/v2\/product_cat?post=14870"},{"taxonomy":"product_tag","embeddable":true,"href":"https:\/\/galei.cl\/index.php\/wp-json\/wp\/v2\/product_tag?post=14870"}],"curies":[{"name":"wp","href":"https:\/\/api.w.org\/{rel}","templated":true}]}}