{"id":15073,"date":"2024-09-26T05:03:09","date_gmt":"2024-09-26T08:03:09","guid":{"rendered":"https:\/\/galei.cl\/?post_type=product&#038;p=15073"},"modified":"2025-09-30T13:05:21","modified_gmt":"2025-09-30T16:05:21","slug":"pote-reposteria-8oz","status":"publish","type":"product","link":"https:\/\/galei.cl\/index.php\/producto\/pote-reposteria-8oz\/","title":{"rendered":"POTE REPOSTER\u00cdA  8oz"},"content":{"rendered":"<p>Pote de reposter\u00eda de 8 oz, ideal para servir postres y porciones generosas. Su dise\u00f1o resistente y transparente permite una presentaci\u00f3n atractiva y facilita el almacenamiento y transporte.<\/p>\n<p>Tama\u00f1o: 8 oz<br \/>\nPaquete de Venta: 50 unidades.<\/p>\n<p><strong>NO INCLUYE LA TAPA<\/strong><\/p>\n<p>Unidades por Caja: 1000.<\/p>\n<p>&nbsp;<\/p>\n","protected":false},"excerpt":{"rendered":"<p><strong>POTE REPOSTER\u00cdA 8oz<\/strong><br \/>\nTama\u00f1o: 8 oz<br \/>\nPaquete de Venta: 50 unidades.<\/p>\n<p><strong>NO INCLUYE LA TAPA<\/strong><\/p>\n","protected":false},"featured_media":15060,"comment_status":"open","ping_status":"closed","template":"","meta":{"_monsterinsights_skip_tracking":false,"_monsterinsights_sitenote_active":false,"_monsterinsights_sitenote_note":"","_monsterinsights_sitenote_category":0},"product_cat":[234,233,237,36],"product_tag":[],"jetpack_sharing_enabled":true,"_links":{"self":[{"href":"https:\/\/galei.cl\/index.php\/wp-json\/wp\/v2\/product\/15073"}],"collection":[{"href":"https:\/\/galei.cl\/index.php\/wp-json\/wp\/v2\/product"}],"about":[{"href":"https:\/\/galei.cl\/index.php\/wp-json\/wp\/v2\/types\/product"}],"replies":[{"embeddable":true,"href":"https:\/\/galei.cl\/index.php\/wp-json\/wp\/v2\/comments?post=15073"}],"wp:featuredmedia":[{"embeddable":true,"href":"https:\/\/galei.cl\/index.php\/wp-json\/wp\/v2\/media\/15060"}],"wp:attachment":[{"href":"https:\/\/galei.cl\/index.php\/wp-json\/wp\/v2\/media?parent=15073"}],"wp:term":[{"taxonomy":"product_cat","embeddable":true,"href":"https:\/\/galei.cl\/index.php\/wp-json\/wp\/v2\/product_cat?post=15073"},{"taxonomy":"product_tag","embeddable":true,"href":"https:\/\/galei.cl\/index.php\/wp-json\/wp\/v2\/product_tag?post=15073"}],"curies":[{"name":"wp","href":"https:\/\/api.w.org\/{rel}","templated":true}]}}