{"id":15074,"date":"2024-09-26T05:06:27","date_gmt":"2024-09-26T08:06:27","guid":{"rendered":"https:\/\/galei.cl\/?post_type=product&#038;p=15074"},"modified":"2025-09-30T13:05:27","modified_gmt":"2025-09-30T16:05:27","slug":"tapa-pote-reposteria-5oz-y-8oz","status":"publish","type":"product","link":"https:\/\/galei.cl\/index.php\/producto\/tapa-pote-reposteria-5oz-y-8oz\/","title":{"rendered":"TAPA POTE REPOSTERIA 5oz y 8oz"},"content":{"rendered":"<p>Tapa para potes de reposter\u00eda de 5 oz y 8 oz, dise\u00f1ada para un ajuste seguro y herm\u00e9tico. Mantiene la frescura de los postres y facilita el transporte sin derrames.<\/p>\n<p>Tapa para potes de Tama\u00f1o: 5 oz y 8 oz<br \/>\nPaquete de Venta: 50 unidades.<\/p>\n<p><strong>NO INCLUYE LA TAPA<\/strong><\/p>\n<p>Unidades por Caja: 1000.<\/p>\n<p>&nbsp;<\/p>\n","protected":false},"excerpt":{"rendered":"<p><strong>TAPA POTE REPOSTERIA 5oz y 8oz<\/strong><br \/>\nTapa para potes de Tama\u00f1o: 5 oz y 8 oz<br \/>\nPaquete de Venta: 50 unidades.<\/p>\n<p><strong>NO INCLUYE LA TAPA<\/strong><\/p>\n","protected":false},"featured_media":15061,"comment_status":"open","ping_status":"closed","template":"","meta":{"_monsterinsights_skip_tracking":false,"_monsterinsights_sitenote_active":false,"_monsterinsights_sitenote_note":"","_monsterinsights_sitenote_category":0},"product_cat":[234,233,237,36],"product_tag":[235],"jetpack_sharing_enabled":true,"_links":{"self":[{"href":"https:\/\/galei.cl\/index.php\/wp-json\/wp\/v2\/product\/15074"}],"collection":[{"href":"https:\/\/galei.cl\/index.php\/wp-json\/wp\/v2\/product"}],"about":[{"href":"https:\/\/galei.cl\/index.php\/wp-json\/wp\/v2\/types\/product"}],"replies":[{"embeddable":true,"href":"https:\/\/galei.cl\/index.php\/wp-json\/wp\/v2\/comments?post=15074"}],"wp:featuredmedia":[{"embeddable":true,"href":"https:\/\/galei.cl\/index.php\/wp-json\/wp\/v2\/media\/15061"}],"wp:attachment":[{"href":"https:\/\/galei.cl\/index.php\/wp-json\/wp\/v2\/media?parent=15074"}],"wp:term":[{"taxonomy":"product_cat","embeddable":true,"href":"https:\/\/galei.cl\/index.php\/wp-json\/wp\/v2\/product_cat?post=15074"},{"taxonomy":"product_tag","embeddable":true,"href":"https:\/\/galei.cl\/index.php\/wp-json\/wp\/v2\/product_tag?post=15074"}],"curies":[{"name":"wp","href":"https:\/\/api.w.org\/{rel}","templated":true}]}}