{"id":15077,"date":"2024-09-26T05:16:34","date_gmt":"2024-09-26T08:16:34","guid":{"rendered":"https:\/\/galei.cl\/?post_type=product&#038;p=15077"},"modified":"2025-09-30T13:05:00","modified_gmt":"2025-09-30T16:05:00","slug":"pocillos-con-tapa-2oz","status":"publish","type":"product","link":"https:\/\/galei.cl\/index.php\/producto\/pocillos-con-tapa-2oz\/","title":{"rendered":"POCILLOS CON TAPA  2oz"},"content":{"rendered":"<p>Pocillo con tapa 2 oz, ideal para porciones individuales. Su dise\u00f1o compacto y herm\u00e9tico asegura la conservaci\u00f3n y presentaci\u00f3n de alimentos, adem\u00e1s de facilitar el transporte.<\/p>\n<p>Tama\u00f1o: 2 oz<br \/>\nPaquete de Venta: 100 unidades.<\/p>\n<p>Unidades por Caja: 1000.<\/p>\n<p>&nbsp;<\/p>\n","protected":false},"excerpt":{"rendered":"<p><strong>POCILLOS CON TAPA 2oz<\/strong><br \/>\nTama\u00f1o: 2 oz<br \/>\nPaquete de Venta: 100 unidades.<\/p>\n","protected":false},"featured_media":15055,"comment_status":"open","ping_status":"closed","template":"","meta":{"_monsterinsights_skip_tracking":false,"_monsterinsights_sitenote_active":false,"_monsterinsights_sitenote_note":"","_monsterinsights_sitenote_category":0},"product_cat":[234,238,233,36],"product_tag":[],"jetpack_sharing_enabled":true,"_links":{"self":[{"href":"https:\/\/galei.cl\/index.php\/wp-json\/wp\/v2\/product\/15077"}],"collection":[{"href":"https:\/\/galei.cl\/index.php\/wp-json\/wp\/v2\/product"}],"about":[{"href":"https:\/\/galei.cl\/index.php\/wp-json\/wp\/v2\/types\/product"}],"replies":[{"embeddable":true,"href":"https:\/\/galei.cl\/index.php\/wp-json\/wp\/v2\/comments?post=15077"}],"wp:featuredmedia":[{"embeddable":true,"href":"https:\/\/galei.cl\/index.php\/wp-json\/wp\/v2\/media\/15055"}],"wp:attachment":[{"href":"https:\/\/galei.cl\/index.php\/wp-json\/wp\/v2\/media?parent=15077"}],"wp:term":[{"taxonomy":"product_cat","embeddable":true,"href":"https:\/\/galei.cl\/index.php\/wp-json\/wp\/v2\/product_cat?post=15077"},{"taxonomy":"product_tag","embeddable":true,"href":"https:\/\/galei.cl\/index.php\/wp-json\/wp\/v2\/product_tag?post=15077"}],"curies":[{"name":"wp","href":"https:\/\/api.w.org\/{rel}","templated":true}]}}