{"id":15167,"date":"2024-09-26T10:09:20","date_gmt":"2024-09-26T13:09:20","guid":{"rendered":"https:\/\/galei.cl\/?post_type=product&#038;p=15167"},"modified":"2025-09-30T12:51:28","modified_gmt":"2025-09-30T15:51:28","slug":"bolsa-kraft-con-manilla-42x30x12-cm","status":"publish","type":"product","link":"https:\/\/galei.cl\/index.php\/producto\/bolsa-kraft-con-manilla-42x30x12-cm\/","title":{"rendered":"BOLSA KRAFT 42x30x12cm CON MANILLA"},"content":{"rendered":"<p>Bolsa Kraft con manilla de 42cm x 30cm x 12cm, ideal para el transporte y presentaci\u00f3n de productos. Fabricada en papel kraft resistente, con manillas para un manejo c\u00f3modo, combina funcionalidad con un dise\u00f1o ecol\u00f3gico y elegante.<\/p>\n<p>Tama\u00f1o: 42cm x 30cm x 12cm<br \/>\nPaquete de Venta: 50 unidades.<\/p>\n<p>Unidades por Caja: 500<\/p>\n<p>&nbsp;<\/p>\n","protected":false},"excerpt":{"rendered":"<p><strong>BOLSA KRAFT CON MANILLA\u00a0<\/strong><\/p>\n<p>Tama\u00f1o: 42cm x 30cm x 12cm<br \/>\nPaquete de Venta: 50 unidades.<\/p>\n","protected":false},"featured_media":15159,"comment_status":"open","ping_status":"closed","template":"","meta":{"_monsterinsights_skip_tracking":false,"_monsterinsights_sitenote_active":false,"_monsterinsights_sitenote_note":"","_monsterinsights_sitenote_category":0},"product_cat":[250,239,36],"product_tag":[],"jetpack_sharing_enabled":true,"_links":{"self":[{"href":"https:\/\/galei.cl\/index.php\/wp-json\/wp\/v2\/product\/15167"}],"collection":[{"href":"https:\/\/galei.cl\/index.php\/wp-json\/wp\/v2\/product"}],"about":[{"href":"https:\/\/galei.cl\/index.php\/wp-json\/wp\/v2\/types\/product"}],"replies":[{"embeddable":true,"href":"https:\/\/galei.cl\/index.php\/wp-json\/wp\/v2\/comments?post=15167"}],"wp:featuredmedia":[{"embeddable":true,"href":"https:\/\/galei.cl\/index.php\/wp-json\/wp\/v2\/media\/15159"}],"wp:attachment":[{"href":"https:\/\/galei.cl\/index.php\/wp-json\/wp\/v2\/media?parent=15167"}],"wp:term":[{"taxonomy":"product_cat","embeddable":true,"href":"https:\/\/galei.cl\/index.php\/wp-json\/wp\/v2\/product_cat?post=15167"},{"taxonomy":"product_tag","embeddable":true,"href":"https:\/\/galei.cl\/index.php\/wp-json\/wp\/v2\/product_tag?post=15167"}],"curies":[{"name":"wp","href":"https:\/\/api.w.org\/{rel}","templated":true}]}}

<p>Bolsa Kraft con manilla de 42cm x 30cm x 12cm, ideal para el transporte y presentación de productos. Fabricada en papel kraft resistente, con manillas para un manejo cómodo, combina funcionalidad con un diseño ecológico y elegante.</p>
<p>Tamaño: 42cm x 30cm x 12cm<br />
Paquete de Venta: 50 unidades.</p>
<p>Unidades por Caja: 500</p>
<p>&nbsp;</p>

<p><strong>BOLSA KRAFT CON MANILLA </strong></p>
<p>Tamaño: 42cm x 30cm x 12cm<br />
Paquete de Venta: 50 unidades.</p>
