{"id":15199,"date":"2024-09-26T11:01:40","date_gmt":"2024-09-26T14:01:40","guid":{"rendered":"https:\/\/galei.cl\/?post_type=product&#038;p=15199"},"modified":"2025-09-30T12:51:46","modified_gmt":"2025-09-30T15:51:46","slug":"saco-blanco-medio-kg","status":"publish","type":"product","link":"https:\/\/galei.cl\/index.php\/producto\/saco-blanco-medio-kg\/","title":{"rendered":"SACO BLANCO \u00bd kg"},"content":{"rendered":"<p>SACO BLANCO \u00bd kg (1&#215;1000), ideal para el empaquetado de productos en porciones moderadas. Fabricado en papel resistente, ofrece una soluci\u00f3n pr\u00e1ctica y ecol\u00f3gica para el almacenamiento y transporte.<\/p>\n<p>Paquete de Venta: 100 unidades.<\/p>\n<p>Unidades por Caja: 1000<\/p>\n<p>&nbsp;<\/p>\n","protected":false},"excerpt":{"rendered":"<p><strong>SACO BLANCO \u00bd kg<br \/>\n<\/strong>Paquete de Venta: 100 unidades.<\/p>\n","protected":false},"featured_media":15191,"comment_status":"open","ping_status":"closed","template":"","meta":{"_monsterinsights_skip_tracking":false,"_monsterinsights_sitenote_active":false,"_monsterinsights_sitenote_note":"","_monsterinsights_sitenote_category":0},"product_cat":[250,36],"product_tag":[],"jetpack_sharing_enabled":true,"_links":{"self":[{"href":"https:\/\/galei.cl\/index.php\/wp-json\/wp\/v2\/product\/15199"}],"collection":[{"href":"https:\/\/galei.cl\/index.php\/wp-json\/wp\/v2\/product"}],"about":[{"href":"https:\/\/galei.cl\/index.php\/wp-json\/wp\/v2\/types\/product"}],"replies":[{"embeddable":true,"href":"https:\/\/galei.cl\/index.php\/wp-json\/wp\/v2\/comments?post=15199"}],"wp:featuredmedia":[{"embeddable":true,"href":"https:\/\/galei.cl\/index.php\/wp-json\/wp\/v2\/media\/15191"}],"wp:attachment":[{"href":"https:\/\/galei.cl\/index.php\/wp-json\/wp\/v2\/media?parent=15199"}],"wp:term":[{"taxonomy":"product_cat","embeddable":true,"href":"https:\/\/galei.cl\/index.php\/wp-json\/wp\/v2\/product_cat?post=15199"},{"taxonomy":"product_tag","embeddable":true,"href":"https:\/\/galei.cl\/index.php\/wp-json\/wp\/v2\/product_tag?post=15199"}],"curies":[{"name":"wp","href":"https:\/\/api.w.org\/{rel}","templated":true}]}}