{"id":15216,"date":"2024-09-26T11:59:50","date_gmt":"2024-09-26T14:59:50","guid":{"rendered":"https:\/\/galei.cl\/?post_type=product&#038;p=15216"},"modified":"2025-12-01T21:58:08","modified_gmt":"2025-12-02T00:58:08","slug":"pack-tendedr-cuchillo-cuchara-madera-servilleta","status":"publish","type":"product","link":"https:\/\/galei.cl\/index.php\/producto\/pack-tendedr-cuchillo-cuchara-madera-servilleta\/","title":{"rendered":"PACK TENDEDR\/CUCHILLO\/CUCHARA DE MADERA + SERVILLETA"},"content":{"rendered":"<p>Pack de tenedor, cuchillo y cuchara de madera, m\u00e1s servilleta, ideal para comidas para llevar o eventos. Fabricado en materiales ecol\u00f3gicos, ofrece una soluci\u00f3n pr\u00e1ctica y sostenible para disfrutar de tus alimentos.<\/p>\n<p>Medidas: 155 mm<br \/>\nMaterial: Madera<br \/>\nUnidades pack: 100<\/p>\n<p>Unidades por Caja: 1000<\/p>\n<p>&nbsp;<\/p>\n","protected":false},"excerpt":{"rendered":"<p><strong>PACK TENDEDR\/CUCHILLO\/CUCHARA (MADERA) + SERVILLETA<br \/>\n<\/strong>Material: Madera<br \/>\nUnidades pack: 100<\/p>\n","protected":false},"featured_media":15210,"comment_status":"open","ping_status":"closed","template":"","meta":{"_monsterinsights_skip_tracking":false,"_monsterinsights_sitenote_active":false,"_monsterinsights_sitenote_note":"","_monsterinsights_sitenote_category":0},"product_cat":[252,253,36],"product_tag":[],"jetpack_sharing_enabled":true,"_links":{"self":[{"href":"https:\/\/galei.cl\/index.php\/wp-json\/wp\/v2\/product\/15216"}],"collection":[{"href":"https:\/\/galei.cl\/index.php\/wp-json\/wp\/v2\/product"}],"about":[{"href":"https:\/\/galei.cl\/index.php\/wp-json\/wp\/v2\/types\/product"}],"replies":[{"embeddable":true,"href":"https:\/\/galei.cl\/index.php\/wp-json\/wp\/v2\/comments?post=15216"}],"wp:featuredmedia":[{"embeddable":true,"href":"https:\/\/galei.cl\/index.php\/wp-json\/wp\/v2\/media\/15210"}],"wp:attachment":[{"href":"https:\/\/galei.cl\/index.php\/wp-json\/wp\/v2\/media?parent=15216"}],"wp:term":[{"taxonomy":"product_cat","embeddable":true,"href":"https:\/\/galei.cl\/index.php\/wp-json\/wp\/v2\/product_cat?post=15216"},{"taxonomy":"product_tag","embeddable":true,"href":"https:\/\/galei.cl\/index.php\/wp-json\/wp\/v2\/product_tag?post=15216"}],"curies":[{"name":"wp","href":"https:\/\/api.w.org\/{rel}","templated":true}]}}

<p>Pack de tenedor, cuchillo y cuchara de madera, más servilleta, ideal para comidas para llevar o eventos. Fabricado en materiales ecológicos, ofrece una solución práctica y sostenible para disfrutar de tus alimentos.</p>
<p>Medidas: 155 mm<br />
Material: Madera<br />
Unidades pack: 100</p>
<p>Unidades por Caja: 1000</p>
<p>&nbsp;</p>
