{"id":15271,"date":"2024-09-26T14:25:11","date_gmt":"2024-09-26T17:25:11","guid":{"rendered":"https:\/\/galei.cl\/?post_type=product&#038;p=15271"},"modified":"2025-09-30T11:20:12","modified_gmt":"2025-09-30T14:20:12","slug":"vaso-pet-blanco-120-cc","status":"publish","type":"product","link":"https:\/\/galei.cl\/index.php\/producto\/vaso-pet-blanco-120-cc\/","title":{"rendered":"VASO PET BLANCO 120cc"},"content":{"rendered":"<p>Vaso PET blanco de 120 cc, ideal para servir peque\u00f1as porciones de bebidas y otros l\u00edquidos. Fabricado en pl\u00e1stico resistente y transparente, proporciona una opci\u00f3n pr\u00e1ctica y vers\u00e1til para eventos y servicios.<\/p>\n<p>Tama\u00f1o: 120 cc<br \/>\nPaquete de Venta: 100 unidades.<\/p>\n<p>Unidades por Caja: 2720<\/p>\n<p>&nbsp;<\/p>\n","protected":false},"excerpt":{"rendered":"<p><strong>VASO PET BLANCO\u00a0<\/strong><\/p>\n<p>Tama\u00f1o: 120 cc<br \/>\nPaquete de Venta: 100 unidades.<\/p>\n","protected":false},"featured_media":15264,"comment_status":"open","ping_status":"closed","template":"","meta":{"_monsterinsights_skip_tracking":false,"_monsterinsights_sitenote_active":false,"_monsterinsights_sitenote_note":"","_monsterinsights_sitenote_category":0},"product_cat":[255,36],"product_tag":[],"jetpack_sharing_enabled":true,"_links":{"self":[{"href":"https:\/\/galei.cl\/index.php\/wp-json\/wp\/v2\/product\/15271"}],"collection":[{"href":"https:\/\/galei.cl\/index.php\/wp-json\/wp\/v2\/product"}],"about":[{"href":"https:\/\/galei.cl\/index.php\/wp-json\/wp\/v2\/types\/product"}],"replies":[{"embeddable":true,"href":"https:\/\/galei.cl\/index.php\/wp-json\/wp\/v2\/comments?post=15271"}],"wp:featuredmedia":[{"embeddable":true,"href":"https:\/\/galei.cl\/index.php\/wp-json\/wp\/v2\/media\/15264"}],"wp:attachment":[{"href":"https:\/\/galei.cl\/index.php\/wp-json\/wp\/v2\/media?parent=15271"}],"wp:term":[{"taxonomy":"product_cat","embeddable":true,"href":"https:\/\/galei.cl\/index.php\/wp-json\/wp\/v2\/product_cat?post=15271"},{"taxonomy":"product_tag","embeddable":true,"href":"https:\/\/galei.cl\/index.php\/wp-json\/wp\/v2\/product_tag?post=15271"}],"curies":[{"name":"wp","href":"https:\/\/api.w.org\/{rel}","templated":true}]}}