{"id":15272,"date":"2024-09-26T14:29:26","date_gmt":"2024-09-26T17:29:26","guid":{"rendered":"https:\/\/galei.cl\/?post_type=product&#038;p=15272"},"modified":"2025-09-30T11:20:07","modified_gmt":"2025-09-30T14:20:07","slug":"vaso-pet-transparente-200-cc","status":"publish","type":"product","link":"https:\/\/galei.cl\/index.php\/producto\/vaso-pet-transparente-200-cc\/","title":{"rendered":"VASO PET TRANSPARENTE 200cc"},"content":{"rendered":"<p>Vaso PET transparente de 200 cc, ideal para servir porciones peque\u00f1as de bebidas y otros l\u00edquidos. Su dise\u00f1o transparente permite ver el contenido, ofreciendo una opci\u00f3n pr\u00e1ctica y vers\u00e1til para cualquier ocasi\u00f3n.<\/p>\n<p>Tama\u00f1o: 7oz \/ 200cc<br \/>\nPaquete de Venta: 100 unidades.<\/p>\n<p>Unidades por Caja: 6000<\/p>\n<p>&nbsp;<\/p>\n","protected":false},"excerpt":{"rendered":"<p><strong>VASO PET BLANCO\u00a0<\/strong><\/p>\n<p>Tama\u00f1o: 7oz \/ 200cc<br \/>\nPaquete de Venta: 100 unidades.<\/p>\n","protected":false},"featured_media":15265,"comment_status":"open","ping_status":"closed","template":"","meta":{"_monsterinsights_skip_tracking":false,"_monsterinsights_sitenote_active":false,"_monsterinsights_sitenote_note":"","_monsterinsights_sitenote_category":0},"product_cat":[255,36],"product_tag":[],"jetpack_sharing_enabled":true,"_links":{"self":[{"href":"https:\/\/galei.cl\/index.php\/wp-json\/wp\/v2\/product\/15272"}],"collection":[{"href":"https:\/\/galei.cl\/index.php\/wp-json\/wp\/v2\/product"}],"about":[{"href":"https:\/\/galei.cl\/index.php\/wp-json\/wp\/v2\/types\/product"}],"replies":[{"embeddable":true,"href":"https:\/\/galei.cl\/index.php\/wp-json\/wp\/v2\/comments?post=15272"}],"wp:featuredmedia":[{"embeddable":true,"href":"https:\/\/galei.cl\/index.php\/wp-json\/wp\/v2\/media\/15265"}],"wp:attachment":[{"href":"https:\/\/galei.cl\/index.php\/wp-json\/wp\/v2\/media?parent=15272"}],"wp:term":[{"taxonomy":"product_cat","embeddable":true,"href":"https:\/\/galei.cl\/index.php\/wp-json\/wp\/v2\/product_cat?post=15272"},{"taxonomy":"product_tag","embeddable":true,"href":"https:\/\/galei.cl\/index.php\/wp-json\/wp\/v2\/product_tag?post=15272"}],"curies":[{"name":"wp","href":"https:\/\/api.w.org\/{rel}","templated":true}]}}