{"id":15276,"date":"2024-09-26T14:50:47","date_gmt":"2024-09-26T17:50:47","guid":{"rendered":"https:\/\/galei.cl\/?post_type=product&#038;p=15276"},"modified":"2025-09-30T11:19:43","modified_gmt":"2025-09-30T14:19:43","slug":"tapa-plana-pet-16oz","status":"publish","type":"product","link":"https:\/\/galei.cl\/index.php\/producto\/tapa-plana-pet-16oz\/","title":{"rendered":"TAPA PLANA PET 16oz"},"content":{"rendered":"<p>Tapa plana PET para vasos de 16 oz, dise\u00f1ada para un ajuste seguro y herm\u00e9tico. Ideal para mantener la frescura de las bebidas y prevenir derrames, ofreciendo una opci\u00f3n pr\u00e1ctica y funcional para el servicio de l\u00edquidos.<\/p>\n<p>Tama\u00f1o para Vasos Pet de: 16 oz<br \/>\nPaquete de Venta: 100 unidades.<\/p>\n<p>Unidades por Caja: 1000<\/p>\n<p>&nbsp;<\/p>\n","protected":false},"excerpt":{"rendered":"<p><strong>TAPA PLANA PET<\/strong><\/p>\n<p>Tama\u00f1o para Vasos Pet de: 16 oz<br \/>\nPaquete de Venta: 100 unidades.<\/p>\n<p>&nbsp;<\/p>\n","protected":false},"featured_media":15262,"comment_status":"open","ping_status":"closed","template":"","meta":{"_monsterinsights_skip_tracking":false,"_monsterinsights_sitenote_active":false,"_monsterinsights_sitenote_note":"","_monsterinsights_sitenote_category":0},"product_cat":[36,255],"product_tag":[235],"jetpack_sharing_enabled":true,"_links":{"self":[{"href":"https:\/\/galei.cl\/index.php\/wp-json\/wp\/v2\/product\/15276"}],"collection":[{"href":"https:\/\/galei.cl\/index.php\/wp-json\/wp\/v2\/product"}],"about":[{"href":"https:\/\/galei.cl\/index.php\/wp-json\/wp\/v2\/types\/product"}],"replies":[{"embeddable":true,"href":"https:\/\/galei.cl\/index.php\/wp-json\/wp\/v2\/comments?post=15276"}],"wp:featuredmedia":[{"embeddable":true,"href":"https:\/\/galei.cl\/index.php\/wp-json\/wp\/v2\/media\/15262"}],"wp:attachment":[{"href":"https:\/\/galei.cl\/index.php\/wp-json\/wp\/v2\/media?parent=15276"}],"wp:term":[{"taxonomy":"product_cat","embeddable":true,"href":"https:\/\/galei.cl\/index.php\/wp-json\/wp\/v2\/product_cat?post=15276"},{"taxonomy":"product_tag","embeddable":true,"href":"https:\/\/galei.cl\/index.php\/wp-json\/wp\/v2\/product_tag?post=15276"}],"curies":[{"name":"wp","href":"https:\/\/api.w.org\/{rel}","templated":true}]}}