{"id":15278,"date":"2024-09-26T15:14:25","date_gmt":"2024-09-26T18:14:25","guid":{"rendered":"https:\/\/galei.cl\/?post_type=product&#038;p=15278"},"modified":"2025-09-30T11:19:32","modified_gmt":"2025-09-30T14:19:32","slug":"tapa-negra-vaso-polipapel-12-16oz","status":"publish","type":"product","link":"https:\/\/galei.cl\/index.php\/producto\/tapa-negra-vaso-polipapel-12-16oz\/","title":{"rendered":"TAPA NEGRA VASO POLIPAPEL 12-16oz"},"content":{"rendered":"<p>Tapa negra para vasos de polipapel compostable de 12oz y 16oz, dise\u00f1ada para un ajuste seguro y herm\u00e9tico. Ideal para mantener la frescura de las bebidas y evitar derrames, combinando funcionalidad con un dise\u00f1o ecol\u00f3gico.<\/p>\n<p>Tama\u00f1o para Vasos Pet de: 12 y 16oz<br \/>\nPaquete de Venta: 50 unidades.<\/p>\n<p>Unidades por Caja: 20 x 50 und<\/p>\n<p>&nbsp;<\/p>\n","protected":false},"excerpt":{"rendered":"<p><strong>TAPA NEGRA POLIPAPEL<\/strong><\/p>\n<p>Tama\u00f1o para Vasos Pet de: 12 y 16oz<br \/>\nPaquete de Venta: 50 unidades.<\/p>\n<p>&nbsp;<\/p>\n","protected":false},"featured_media":15259,"comment_status":"open","ping_status":"closed","template":"","meta":{"_monsterinsights_skip_tracking":false,"_monsterinsights_sitenote_active":false,"_monsterinsights_sitenote_note":"","_monsterinsights_sitenote_category":0},"product_cat":[255,36],"product_tag":[235],"jetpack_sharing_enabled":true,"_links":{"self":[{"href":"https:\/\/galei.cl\/index.php\/wp-json\/wp\/v2\/product\/15278"}],"collection":[{"href":"https:\/\/galei.cl\/index.php\/wp-json\/wp\/v2\/product"}],"about":[{"href":"https:\/\/galei.cl\/index.php\/wp-json\/wp\/v2\/types\/product"}],"replies":[{"embeddable":true,"href":"https:\/\/galei.cl\/index.php\/wp-json\/wp\/v2\/comments?post=15278"}],"wp:featuredmedia":[{"embeddable":true,"href":"https:\/\/galei.cl\/index.php\/wp-json\/wp\/v2\/media\/15259"}],"wp:attachment":[{"href":"https:\/\/galei.cl\/index.php\/wp-json\/wp\/v2\/media?parent=15278"}],"wp:term":[{"taxonomy":"product_cat","embeddable":true,"href":"https:\/\/galei.cl\/index.php\/wp-json\/wp\/v2\/product_cat?post=15278"},{"taxonomy":"product_tag","embeddable":true,"href":"https:\/\/galei.cl\/index.php\/wp-json\/wp\/v2\/product_tag?post=15278"}],"curies":[{"name":"wp","href":"https:\/\/api.w.org\/{rel}","templated":true}]}}