{"id":15350,"date":"2024-09-27T07:22:25","date_gmt":"2024-09-27T10:22:25","guid":{"rendered":"https:\/\/galei.cl\/?post_type=product&#038;p=15350"},"modified":"2025-09-30T10:08:19","modified_gmt":"2025-09-30T13:08:19","slug":"caja-de-torta-grande-cuadrada","status":"publish","type":"product","link":"https:\/\/galei.cl\/index.php\/producto\/caja-de-torta-grande-cuadrada\/","title":{"rendered":"CAJA DE TORTA GRANDE CUADRADA"},"content":{"rendered":"<p>Nuestra caja de torta grande es ideal para transportar y presentar tus tortas de manera segura y elegante. Fabricada con materiales de alta calidad, es resistente y f\u00e1cil de armar. Viene en un pr\u00e1ctico empaque de 50 unidades, perfecta para reposter\u00edas y eventos especiales.<\/p>\n<p>Paquete de Venta: 1 x 50 Unidades<br \/>\nColor: Blanco<\/p>\n","protected":false},"excerpt":{"rendered":"<p><strong>CAJA DE TORTA GRANDE CUADRADA<\/strong><\/p>\n<p>Paquete de Venta: 1 x 50 Unidades<br \/>\nColor: Blanco<\/p>\n<p>&nbsp;<\/p>\n","protected":false},"featured_media":15338,"comment_status":"open","ping_status":"closed","template":"","meta":{"_monsterinsights_skip_tracking":false,"_monsterinsights_sitenote_active":false,"_monsterinsights_sitenote_note":"","_monsterinsights_sitenote_category":0},"product_cat":[263,249,237,36],"product_tag":[271],"jetpack_sharing_enabled":true,"_links":{"self":[{"href":"https:\/\/galei.cl\/index.php\/wp-json\/wp\/v2\/product\/15350"}],"collection":[{"href":"https:\/\/galei.cl\/index.php\/wp-json\/wp\/v2\/product"}],"about":[{"href":"https:\/\/galei.cl\/index.php\/wp-json\/wp\/v2\/types\/product"}],"replies":[{"embeddable":true,"href":"https:\/\/galei.cl\/index.php\/wp-json\/wp\/v2\/comments?post=15350"}],"wp:featuredmedia":[{"embeddable":true,"href":"https:\/\/galei.cl\/index.php\/wp-json\/wp\/v2\/media\/15338"}],"wp:attachment":[{"href":"https:\/\/galei.cl\/index.php\/wp-json\/wp\/v2\/media?parent=15350"}],"wp:term":[{"taxonomy":"product_cat","embeddable":true,"href":"https:\/\/galei.cl\/index.php\/wp-json\/wp\/v2\/product_cat?post=15350"},{"taxonomy":"product_tag","embeddable":true,"href":"https:\/\/galei.cl\/index.php\/wp-json\/wp\/v2\/product_tag?post=15350"}],"curies":[{"name":"wp","href":"https:\/\/api.w.org\/{rel}","templated":true}]}}