{"id":15351,"date":"2024-09-27T07:27:01","date_gmt":"2024-09-27T10:27:01","guid":{"rendered":"https:\/\/galei.cl\/?post_type=product&#038;p=15351"},"modified":"2025-09-30T10:08:13","modified_gmt":"2025-09-30T13:08:13","slug":"caja-de-torta-grande-alta","status":"publish","type":"product","link":"https:\/\/galei.cl\/index.php\/producto\/caja-de-torta-grande-alta\/","title":{"rendered":"CAJA DE TORTA GRANDE ALTA"},"content":{"rendered":"<p>Nuestra caja de torta grande y altas, es ideal para transportar y presentar tus tortas de manera segura y elegante. Fabricada con materiales de alta calidad, es resistente y f\u00e1cil de armar. Viene en un pr\u00e1ctico empaque de 50 unidades, perfecta para reposter\u00edas y eventos especiales.<\/p>\n<p>Tama\u00f1o: Alto<br \/>\nPaquete de Venta: 1 x 50 Unidades<br \/>\nColor: Blanco<\/p>\n","protected":false},"excerpt":{"rendered":"<p><strong>CAJA DE TORTA GRANDE ALTA <\/strong><\/p>\n<p>Paquete de Venta: 1 x 50 Unidades<br \/>\nTama\u00f1o: Alto<br \/>\nColor: Blanco<\/p>\n<p>&nbsp;<\/p>\n","protected":false},"featured_media":15337,"comment_status":"open","ping_status":"closed","template":"","meta":{"_monsterinsights_skip_tracking":false,"_monsterinsights_sitenote_active":false,"_monsterinsights_sitenote_note":"","_monsterinsights_sitenote_category":0},"product_cat":[263,249,237,36],"product_tag":[271],"jetpack_sharing_enabled":true,"_links":{"self":[{"href":"https:\/\/galei.cl\/index.php\/wp-json\/wp\/v2\/product\/15351"}],"collection":[{"href":"https:\/\/galei.cl\/index.php\/wp-json\/wp\/v2\/product"}],"about":[{"href":"https:\/\/galei.cl\/index.php\/wp-json\/wp\/v2\/types\/product"}],"replies":[{"embeddable":true,"href":"https:\/\/galei.cl\/index.php\/wp-json\/wp\/v2\/comments?post=15351"}],"wp:featuredmedia":[{"embeddable":true,"href":"https:\/\/galei.cl\/index.php\/wp-json\/wp\/v2\/media\/15337"}],"wp:attachment":[{"href":"https:\/\/galei.cl\/index.php\/wp-json\/wp\/v2\/media?parent=15351"}],"wp:term":[{"taxonomy":"product_cat","embeddable":true,"href":"https:\/\/galei.cl\/index.php\/wp-json\/wp\/v2\/product_cat?post=15351"},{"taxonomy":"product_tag","embeddable":true,"href":"https:\/\/galei.cl\/index.php\/wp-json\/wp\/v2\/product_tag?post=15351"}],"curies":[{"name":"wp","href":"https:\/\/api.w.org\/{rel}","templated":true}]}}

<p>Nuestra caja de torta grande y altas, es ideal para transportar y presentar tus tortas de manera segura y elegante. Fabricada con materiales de alta calidad, es resistente y fácil de armar. Viene en un práctico empaque de 50 unidades, perfecta para reposterías y eventos especiales.</p>
<p>Tamaño: Alto<br />
Paquete de Venta: 1 x 50 Unidades<br />
Color: Blanco</p>

<p><strong>CAJA DE TORTA GRANDE ALTA </strong></p>
<p>Paquete de Venta: 1 x 50 Unidades<br />
Tamaño: Alto<br />
Color: Blanco</p>
<p>&nbsp;</p>
