{"id":15357,"date":"2024-09-27T07:48:57","date_gmt":"2024-09-27T10:48:57","guid":{"rendered":"https:\/\/galei.cl\/?post_type=product&#038;p=15357"},"modified":"2025-09-30T10:07:51","modified_gmt":"2025-09-30T13:07:51","slug":"mascarillas-3p-cranberry","status":"publish","type":"product","link":"https:\/\/galei.cl\/index.php\/producto\/mascarillas-3p-cranberry\/","title":{"rendered":"MASCARILLAS 3P CRANBERRY"},"content":{"rendered":"<p>Elemento de protecci\u00f3n personal respiratoria que cubre boca y nariz. Filtra los principales g\u00e9rmenes del ambiente previniendo el contagio de virus y bacterias. Se usa en el cuidado de enfermos, procedimientos cl\u00ednicos y hospitalarios. En el pabell\u00f3n protege contra salpicaduras de sangre y saliva. Su acci\u00f3n es f\u00edsica al filtrar la inspiraci\u00f3n de la persona, con una eficiencia de filtraci\u00f3n a microorganismos como las bacterias sobre un 98%.<\/p>\n<p>Paquete de Venta: 1 x 50 Unidades<\/p>\n","protected":false},"excerpt":{"rendered":"<p><strong>MASCARILLAS 3P CRANBERRY<\/strong><\/p>\n<p>Paquete de Venta: 1 x 50 Unidades<\/p>\n<p>&nbsp;<\/p>\n","protected":false},"featured_media":15356,"comment_status":"open","ping_status":"closed","template":"","meta":{"_monsterinsights_skip_tracking":false,"_monsterinsights_sitenote_active":false,"_monsterinsights_sitenote_note":"","_monsterinsights_sitenote_category":0},"product_cat":[281,272,36],"product_tag":[273],"jetpack_sharing_enabled":true,"_links":{"self":[{"href":"https:\/\/galei.cl\/index.php\/wp-json\/wp\/v2\/product\/15357"}],"collection":[{"href":"https:\/\/galei.cl\/index.php\/wp-json\/wp\/v2\/product"}],"about":[{"href":"https:\/\/galei.cl\/index.php\/wp-json\/wp\/v2\/types\/product"}],"replies":[{"embeddable":true,"href":"https:\/\/galei.cl\/index.php\/wp-json\/wp\/v2\/comments?post=15357"}],"wp:featuredmedia":[{"embeddable":true,"href":"https:\/\/galei.cl\/index.php\/wp-json\/wp\/v2\/media\/15356"}],"wp:attachment":[{"href":"https:\/\/galei.cl\/index.php\/wp-json\/wp\/v2\/media?parent=15357"}],"wp:term":[{"taxonomy":"product_cat","embeddable":true,"href":"https:\/\/galei.cl\/index.php\/wp-json\/wp\/v2\/product_cat?post=15357"},{"taxonomy":"product_tag","embeddable":true,"href":"https:\/\/galei.cl\/index.php\/wp-json\/wp\/v2\/product_tag?post=15357"}],"curies":[{"name":"wp","href":"https:\/\/api.w.org\/{rel}","templated":true}]}}