{"id":15358,"date":"2024-09-27T07:52:38","date_gmt":"2024-09-27T10:52:38","guid":{"rendered":"https:\/\/galei.cl\/?post_type=product&#038;p=15358"},"modified":"2025-09-30T10:07:45","modified_gmt":"2025-09-30T13:07:45","slug":"guante-examen-latex-tresor-tallas-xs-s-m-l","status":"publish","type":"product","link":"https:\/\/galei.cl\/index.php\/producto\/guante-examen-latex-tresor-tallas-xs-s-m-l\/","title":{"rendered":"GUANTE EXAMEN LATEX TRESOR TALLAS XS-S-M-L"},"content":{"rendered":"<p><strong>Guante L\u00e1tex examinaci\u00f3n ligeramente empolvados 1X100<\/strong><\/p>\n<p><strong>Descripci\u00f3n<\/strong><\/p>\n<p>Los guantes de l\u00e1tex ligeramente empolvados, son una excelente barrera f\u00edsica de protecci\u00f3n personal para sus manos contra sustancias, fluidos y\/o secreciones biol\u00f3gicas no deseadas y\/o peligrosas. Son guantes ambidiestros, inodoros y muy flexibles, considerados por el usuario una segunda piel, son usados en procedimientos no est\u00e9riles en \u00e1reas de la salud, veterinarias, est\u00e9tica e industria en general.<\/p>\n<p>Tama\u00f1os:\u00a0 <strong>TALLAS XS-S-M-L<\/strong><br \/>\nPaquete de Venta: 1 x 100 Unidades<\/p>\n","protected":false},"excerpt":{"rendered":"<p><strong>GUANTE EXAMEN LATEX TRESOR\u00a0<\/strong><\/p>\n<p>Tama\u00f1os:\u00a0 <strong>TALLAS XS-S-M-L<\/strong><br \/>\nPaquete de Venta: 1 x 100 Unidades<\/p>\n<p>&nbsp;<\/p>\n","protected":false},"featured_media":15366,"comment_status":"open","ping_status":"closed","template":"","meta":{"_monsterinsights_skip_tracking":false,"_monsterinsights_sitenote_active":false,"_monsterinsights_sitenote_note":"","_monsterinsights_sitenote_category":0},"product_cat":[275,272,36],"product_tag":[274],"jetpack_sharing_enabled":true,"_links":{"self":[{"href":"https:\/\/galei.cl\/index.php\/wp-json\/wp\/v2\/product\/15358"}],"collection":[{"href":"https:\/\/galei.cl\/index.php\/wp-json\/wp\/v2\/product"}],"about":[{"href":"https:\/\/galei.cl\/index.php\/wp-json\/wp\/v2\/types\/product"}],"replies":[{"embeddable":true,"href":"https:\/\/galei.cl\/index.php\/wp-json\/wp\/v2\/comments?post=15358"}],"wp:featuredmedia":[{"embeddable":true,"href":"https:\/\/galei.cl\/index.php\/wp-json\/wp\/v2\/media\/15366"}],"wp:attachment":[{"href":"https:\/\/galei.cl\/index.php\/wp-json\/wp\/v2\/media?parent=15358"}],"wp:term":[{"taxonomy":"product_cat","embeddable":true,"href":"https:\/\/galei.cl\/index.php\/wp-json\/wp\/v2\/product_cat?post=15358"},{"taxonomy":"product_tag","embeddable":true,"href":"https:\/\/galei.cl\/index.php\/wp-json\/wp\/v2\/product_tag?post=15358"}],"curies":[{"name":"wp","href":"https:\/\/api.w.org\/{rel}","templated":true}]}}