{"id":15369,"date":"2024-09-27T08:00:14","date_gmt":"2024-09-27T11:00:14","guid":{"rendered":"https:\/\/galei.cl\/?post_type=product&#038;p=15369"},"modified":"2025-09-30T10:07:38","modified_gmt":"2025-09-30T13:07:38","slug":"guante-examen-latex-libres-de-polvo-tresor-xs-s-m-l","status":"publish","type":"product","link":"https:\/\/galei.cl\/index.php\/producto\/guante-examen-latex-libres-de-polvo-tresor-xs-s-m-l\/","title":{"rendered":"GUANTE EXAMEN LATEX  LIBRES DE POLVO TRESOR XS-S-M-L"},"content":{"rendered":"<p><strong>Guante l\u00e1tex examinaci\u00f3n libres de polvo 1X100<\/strong><\/p>\n<p><strong>Descripci\u00f3n<\/strong><\/p>\n<p>Los guantes de l\u00e1tex sin polvo son una excelente barrera f\u00edsica de protecci\u00f3n personal contra sustancias no deseadas o peligrosas, son guantes resistentes, ambidiestros, inodoros y muy flexibles. Son usados en procedimientos no est\u00e9riles en \u00e1rea de salud, industrial y est\u00e9tica. Este guante se caracteriza por tener una gran elongaci\u00f3n al quiebre y, por ende, resistencia a la ruptura.<\/p>\n<p>Tallas: XS-S-M-L<br \/>\nPaquete de Venta: 1 x 100 Unidades<\/p>\n","protected":false},"excerpt":{"rendered":"<p><strong>GUANTE EXAMEN LATEX LIBRES DE POLVO TRESOR<\/strong><\/p>\n<p>Tallas: XS-S-M-L<br \/>\nPaquete de Venta: 1 x 100 Unidades<\/p>\n<p>&nbsp;<\/p>\n","protected":false},"featured_media":15367,"comment_status":"open","ping_status":"closed","template":"","meta":{"_monsterinsights_skip_tracking":false,"_monsterinsights_sitenote_active":false,"_monsterinsights_sitenote_note":"","_monsterinsights_sitenote_category":0},"product_cat":[275,272,36],"product_tag":[274],"jetpack_sharing_enabled":true,"_links":{"self":[{"href":"https:\/\/galei.cl\/index.php\/wp-json\/wp\/v2\/product\/15369"}],"collection":[{"href":"https:\/\/galei.cl\/index.php\/wp-json\/wp\/v2\/product"}],"about":[{"href":"https:\/\/galei.cl\/index.php\/wp-json\/wp\/v2\/types\/product"}],"replies":[{"embeddable":true,"href":"https:\/\/galei.cl\/index.php\/wp-json\/wp\/v2\/comments?post=15369"}],"wp:featuredmedia":[{"embeddable":true,"href":"https:\/\/galei.cl\/index.php\/wp-json\/wp\/v2\/media\/15367"}],"wp:attachment":[{"href":"https:\/\/galei.cl\/index.php\/wp-json\/wp\/v2\/media?parent=15369"}],"wp:term":[{"taxonomy":"product_cat","embeddable":true,"href":"https:\/\/galei.cl\/index.php\/wp-json\/wp\/v2\/product_cat?post=15369"},{"taxonomy":"product_tag","embeddable":true,"href":"https:\/\/galei.cl\/index.php\/wp-json\/wp\/v2\/product_tag?post=15369"}],"curies":[{"name":"wp","href":"https:\/\/api.w.org\/{rel}","templated":true}]}}