{"id":15374,"date":"2024-09-27T08:24:21","date_gmt":"2024-09-27T11:24:21","guid":{"rendered":"https:\/\/galei.cl\/?post_type=product&#038;p=15374"},"modified":"2025-06-07T07:30:13","modified_gmt":"2025-06-07T11:30:13","slug":"guante-de-examen-nitrilo-azul-extra-resistente-xs-s-m-l","status":"publish","type":"product","link":"https:\/\/galei.cl\/index.php\/producto\/guante-de-examen-nitrilo-azul-extra-resistente-xs-s-m-l\/","title":{"rendered":"GUANTE DE EXAMEN NITRILO AZUL EXTRA RESISTENTE XS-S-M-L"},"content":{"rendered":"<p>Ofrecer m\u00e1xima resistencia y protecci\u00f3n en ex\u00e1menes y procedimientos exigentes. Su formulaci\u00f3n extra resistente proporciona durabilidad y seguridad en entornos m\u00e9dicos y profesionales. Son libres de l\u00e1tex y polvo, garantizando comodidad y reduciendo el riesgo de alergias.<\/p>\n<p>Tallas: XS &#8211; S &#8211; M &#8211; L<br \/>\nPaquete de Venta: 1 x 100 Unidades<\/p>\n","protected":false},"excerpt":{"rendered":"<p><strong>GUANTE DE EXAMEN NITRILO AZUL EXTRA RESISTENTE\u00a0<\/strong><\/p>\n<p>Tallas: XS &#8211; S &#8211; M &#8211; L<br \/>\nPaquete de Venta: 1 x 100 Unidades<\/p>\n<p>&nbsp;<\/p>\n","protected":false},"featured_media":15363,"comment_status":"open","ping_status":"closed","template":"","meta":{"_monsterinsights_skip_tracking":false,"_monsterinsights_sitenote_active":false,"_monsterinsights_sitenote_note":"","_monsterinsights_sitenote_category":0},"product_cat":[275,272,36],"product_tag":[274],"jetpack_sharing_enabled":true,"_links":{"self":[{"href":"https:\/\/galei.cl\/index.php\/wp-json\/wp\/v2\/product\/15374"}],"collection":[{"href":"https:\/\/galei.cl\/index.php\/wp-json\/wp\/v2\/product"}],"about":[{"href":"https:\/\/galei.cl\/index.php\/wp-json\/wp\/v2\/types\/product"}],"replies":[{"embeddable":true,"href":"https:\/\/galei.cl\/index.php\/wp-json\/wp\/v2\/comments?post=15374"}],"wp:featuredmedia":[{"embeddable":true,"href":"https:\/\/galei.cl\/index.php\/wp-json\/wp\/v2\/media\/15363"}],"wp:attachment":[{"href":"https:\/\/galei.cl\/index.php\/wp-json\/wp\/v2\/media?parent=15374"}],"wp:term":[{"taxonomy":"product_cat","embeddable":true,"href":"https:\/\/galei.cl\/index.php\/wp-json\/wp\/v2\/product_cat?post=15374"},{"taxonomy":"product_tag","embeddable":true,"href":"https:\/\/galei.cl\/index.php\/wp-json\/wp\/v2\/product_tag?post=15374"}],"curies":[{"name":"wp","href":"https:\/\/api.w.org\/{rel}","templated":true}]}}