{"id":15396,"date":"2024-09-27T09:28:03","date_gmt":"2024-09-27T12:28:03","guid":{"rendered":"https:\/\/galei.cl\/?post_type=product&#038;p=15396"},"modified":"2025-06-07T21:31:18","modified_gmt":"2025-06-08T01:31:18","slug":"limoneta","status":"publish","type":"product","link":"https:\/\/galei.cl\/index.php\/producto\/limoneta\/","title":{"rendered":"Limoneta"},"content":{"rendered":"<p>Lim\u00f3neta en presentaci\u00f3n de 10cc, ideal para dar un toque fresco y \u00e1cido a tus preparaciones. Perfecta para bebidas, postres y aderezos, esta opci\u00f3n concentrada garantiza sabor consistente y f\u00e1cil dosificaci\u00f3n. Viene en paquetes de 300 unidades, ideales para uso en restaurantes, eventos y catering.<\/p>\n<p>Peso: 10cc<br \/>\nPaquete de Venta: 300 Unidades<\/p>\n<p>Unidades por Caja: 2000 Unidades<\/p>\n","protected":false},"excerpt":{"rendered":"<p>Limoneta<\/p>\n<p>Peso: 10 cc<br \/>\nPaquete de Venta: 300 Unidades<\/p>\n<p>&nbsp;<\/p>\n","protected":false},"featured_media":15395,"comment_status":"open","ping_status":"closed","template":"","meta":{"_monsterinsights_skip_tracking":false,"_monsterinsights_sitenote_active":false,"_monsterinsights_sitenote_note":"","_monsterinsights_sitenote_category":0},"product_cat":[36],"product_tag":[287],"jetpack_sharing_enabled":true,"_links":{"self":[{"href":"https:\/\/galei.cl\/index.php\/wp-json\/wp\/v2\/product\/15396"}],"collection":[{"href":"https:\/\/galei.cl\/index.php\/wp-json\/wp\/v2\/product"}],"about":[{"href":"https:\/\/galei.cl\/index.php\/wp-json\/wp\/v2\/types\/product"}],"replies":[{"embeddable":true,"href":"https:\/\/galei.cl\/index.php\/wp-json\/wp\/v2\/comments?post=15396"}],"wp:featuredmedia":[{"embeddable":true,"href":"https:\/\/galei.cl\/index.php\/wp-json\/wp\/v2\/media\/15395"}],"wp:attachment":[{"href":"https:\/\/galei.cl\/index.php\/wp-json\/wp\/v2\/media?parent=15396"}],"wp:term":[{"taxonomy":"product_cat","embeddable":true,"href":"https:\/\/galei.cl\/index.php\/wp-json\/wp\/v2\/product_cat?post=15396"},{"taxonomy":"product_tag","embeddable":true,"href":"https:\/\/galei.cl\/index.php\/wp-json\/wp\/v2\/product_tag?post=15396"}],"curies":[{"name":"wp","href":"https:\/\/api.w.org\/{rel}","templated":true}]}}