{"id":15828,"date":"2024-10-05T06:53:02","date_gmt":"2024-10-05T09:53:02","guid":{"rendered":"https:\/\/galei.cl\/?post_type=product&#038;p=15828"},"modified":"2025-09-30T10:04:46","modified_gmt":"2025-09-30T13:04:46","slug":"pechera-polietileno","status":"publish","type":"product","link":"https:\/\/galei.cl\/index.php\/producto\/pechera-polietileno\/","title":{"rendered":"Pechera Polietileno"},"content":{"rendered":"<p>delantal desechable fabricado con polietileno, un material resistente y ligero. Ofrece protecci\u00f3n frente a l\u00edquidos y suciedad, ideal para uso en entornos de higiene, alimentaci\u00f3n, y salud. Es impermeable, f\u00e1cil de poner y quitar, y se utiliza para mantener la ropa limpia y proteger al usuario.<\/p>\n<p>Paquete de Venta: Bolsa x 100 Unidades<\/p>\n<p>Caja: 1000 Unidades<\/p>\n","protected":false},"excerpt":{"rendered":"<p><strong>Pechera Polietileno<\/strong><\/p>\n<p>Paquete de Venta: Bolsa x 100 Unidades<\/p>\n<p>&nbsp;<\/p>\n","protected":false},"featured_media":15826,"comment_status":"open","ping_status":"closed","template":"","meta":{"_monsterinsights_skip_tracking":false,"_monsterinsights_sitenote_active":false,"_monsterinsights_sitenote_note":"","_monsterinsights_sitenote_category":0},"product_cat":[281,301,36],"product_tag":[294],"jetpack_sharing_enabled":true,"_links":{"self":[{"href":"https:\/\/galei.cl\/index.php\/wp-json\/wp\/v2\/product\/15828"}],"collection":[{"href":"https:\/\/galei.cl\/index.php\/wp-json\/wp\/v2\/product"}],"about":[{"href":"https:\/\/galei.cl\/index.php\/wp-json\/wp\/v2\/types\/product"}],"replies":[{"embeddable":true,"href":"https:\/\/galei.cl\/index.php\/wp-json\/wp\/v2\/comments?post=15828"}],"wp:featuredmedia":[{"embeddable":true,"href":"https:\/\/galei.cl\/index.php\/wp-json\/wp\/v2\/media\/15826"}],"wp:attachment":[{"href":"https:\/\/galei.cl\/index.php\/wp-json\/wp\/v2\/media?parent=15828"}],"wp:term":[{"taxonomy":"product_cat","embeddable":true,"href":"https:\/\/galei.cl\/index.php\/wp-json\/wp\/v2\/product_cat?post=15828"},{"taxonomy":"product_tag","embeddable":true,"href":"https:\/\/galei.cl\/index.php\/wp-json\/wp\/v2\/product_tag?post=15828"}],"curies":[{"name":"wp","href":"https:\/\/api.w.org\/{rel}","templated":true}]}}